 = -l*y, -4*n - y + 15 = 0. What is the units digit of n?
4
Let g(u) = 2*u**3 - 2*u**2 + 10*u - 8. What is the hundreds digit of g(4)?
1
Let f(n) = -n**2 - 3*n + 2. Suppose -2*i = -3*i - 4. Let h be f(i). What is the units digit of (12/(-18))/(h/6)?
2
Let c be 11/(-9) - 6/(-27). Let p be (c - -1)*(-2)/(-4). Suppose s + p*s - 6 = 0. What is the units digit of s?
6
Let d(y) = 11*y**3 + 2*y**2 - y**2 + 0*y**3. Let i be d(-1). Let o = -2 - i. What is the units digit of o?
8
Let u(g) = 4*g + 2. Let o(z) = -z**3 + 6*z**2 - z + 8. Let j be o(6). What is the tens digit of u(j)?
1
Let g be (1/(-3))/(2/(-24)). Suppose 0 = -k - k - 2, 14 = g*d - 2*k. What is the units digit of d?
3
Suppose -6*m - 41 + 215 = 0. What is the tens digit of m?
2
Let f(s) = 15*s**2 - 9*s. Let j(l) = -8*l**2 + 5*l. Let y(i) = 5*f(i) + 9*j(i). What is the units digit of y(-1)?
3
Suppose u + m - 274 = 0, 2*u + 546 = 4*u + 3*m. What is the hundreds digit of u?
2
Let s(d) = -2*d - 6. Let y = -17 - -12. What is the units digit of s(y)?
4
Let m(y) = 2*y**2 - 8. Let o be m(6). Let f = o - 12. What is the tens digit of f?
5
Let c = -5 - -115. What is the hundreds digit of c?
1
Let w be 2/(-4) + (-625)/(-10). Let b = -36 + w. What is the tens digit of b?
2
Suppose 14*a - 12*a = 70. What is the units digit of a?
5
Suppose 0 = 3*d - 3 - 3, -254 = -g - d. Let m be ((-2)/(-6))/(4/g). Suppose 2*q = 3*j + m, -3*j - 67 = -4*q - 2*j. What is the units digit of q?
8
Let w be 2*((-2)/(-1) - 0). Suppose -w*o + 4*z = 4, -5 = -5*o + 6*o - 2*z. Suppose -v + 8 = o*v. What is the units digit of v?
2
Let z(x) be the first derivative of 3*x**2/2 - 17*x + 3. What is the units digit of z(10)?
3
Let w(d) = d - 1. Let n be w(4). Suppose g + n*g - 48 = 0. What is the units digit of (-27)/2*(-8)/g?
9
Suppose 2*q - 435 = -3*b - q, 0 = b + 2*q - 150. Suppose 7*j = 2*j + b. What is the units digit of j?
8
Let y(k) = -k**2 + 16*k + 20. Let z be y(17). Suppose -z*o = -9*o + 138. What is the units digit of o?
3
Suppose 2*n + 1 = n - 3*c, -3*n + 23 = -4*c. Let h(x) = 4*x - 29. Let d be h(8). Suppose -4*t = -4*q + 56, -n*t - 34 = q - d*q. What is the units digit of q?
2
Suppose 2*k - 3*s = 35, 133 = 3*k + 3*s + 43. Suppose 3*o = 4*m - k, 0*o - 3*o = -15. What is the units digit of m?
0
Suppose 2*o + 3 = 3*o. Suppose 6 = o*x - x. Let t = x - 1. What is the units digit of t?
2
Suppose -9*a = -4*a - 10. Suppose 5*d - j - 4*j = 25, a*j - 18 = -5*d. What is the units digit of d?
4
Let w be ((-2)/(-10))/(3/15). Suppose -w - 13 = -2*r. What is the units digit of r?
7
Suppose -4*f - 4 = -6*f. What is the units digit of f?
2
Suppose -p = -4*p + 1167. What is the units digit of p?
9
Let p(m) = -83*m + 14. What is the tens digit of p(-2)?
8
Suppose 0 = -5*u + 2*u + 39. Let w = u - -1. What is the units digit of w?
4
Let n = 47 - -17. Let p = 100 - n. What is the units digit of p?
6
Suppose 131 = 5*t + o, -31 = 4*t - 5*t + o. Suppose -3*w + 0*w = t. What is the units digit of ((-4)/(-6))/((-6)/w)?
1
Suppose 4 = 4*r - 20. Suppose 0*i - r = -3*i. Suppose 0 = -i*g - 4*t + 22, -2*g + t = -g - 5. What is the units digit of g?
7
Let j be (2/3)/(1/6). Suppose -y - 39 = -j*y. What is the tens digit of y?
1
Suppose 3*x - 78 = -3*u - 0*x, -72 = -3*u - 5*x. What is the units digit of u?
9
Let t(g) be the second derivative of -g**4/12 + 4*g**3/3 + 3*g**2/2 + 2*g. Suppose 2*y = 2*i - 7 + 21, -2*y + 14 = -4*i. What is the units digit of t(y)?
0
Let c(u) = u**2 - 3*u - 4. Let x be c(3). Let s be (-9)/x*48/(-9). Let m = s - -26. What is the tens digit of m?
1
Suppose -3*b = -b. Suppose 0*d - 8 = 2*d, b = -4*x - 2*d + 12. Suppose -n + x*v = -26, -5*n + 3 = -2*v - 12. What is the units digit of n?
1
Let r be (-10)/(-15)*(-93)/(-2). Suppose -3*x + r + 80 = 0. What is the tens digit of x?
3
Let h be 1*(3 - 3)/3. Suppose -3*z + z + 16 = h. What is the units digit of z?
8
Suppose -2*z = 3*r + 3, -5*r + 0*z = -2*z + 21. What is the units digit of 0/r + 3 + 4?
7
Suppose o = 6*o + m + 24, 0 = -2*o + 2*m - 12. Let b(s) = -4*s + 3. What is the tens digit of b(o)?
2
Suppose -l - l + 238 = 0. Suppose -l = -5*q - 4*d - 29, -4*d = -5*q + 50. What is the units digit of (q/(-8))/(1/(-4))?
7
Suppose -1047 = -15*z + 1218. What is the hundreds digit of z?
1
Suppose 5*p + 49 = 4. Let b be (-4)/18 - (-142)/p. Let q = 0 - b. What is the units digit of q?
6
Suppose 3*w + 0*o - 5*o - 186 = 0, 5*w - 310 = o. Let i = -33 + w. What is the tens digit of i?
2
Let d(p) = p**3 + 6*p**2 - 10*p - 9. Suppose b + 4 = -3. What is the tens digit of d(b)?
1
Let a(p) = p**3 - 2*p**2 + p + 4. Let d be a(4). Suppose 0*b - d = -5*b. Suppose 0 = 2*r + b, -5 = -m + 2*r - r. What is the units digit of m?
1
Suppose -3*j - 4*h + 1188 = 0, -3*j + 3*h - 1577 = -7*j. What is the tens digit of j?
9
Suppose -z + 4*z + 3*t = 12, 4*z = t + 31. Let a = z - -37. What is the tens digit of a?
4
Let t(h) = -3*h**2 + 11*h - 9. Let i(x) = 4*x**2 - 17*x + 14. Let d(l) = 5*i(l) + 7*t(l). Let n = 10 + -18. What is the units digit of d(n)?
7
Suppose 6*b + 29 = 7*b. What is the tens digit of b?
2
Suppose -4*q = -d + 10, -5*q + 54 = 2*d - 5. What is the tens digit of d?
2
Let l(f) = -f + 1. Let h be l(3). Let n be (19/4)/(16/64). Let s = n - h. What is the tens digit of s?
2
What is the units digit of (-3)/2 - (-71)/2?
4
Let x(p) = -11*p**3 - p**2 - 2*p + 1. What is the tens digit of x(-3)?
9
Let z = 69 + -44. What is the tens digit of z?
2
Suppose -85 = -h + 2*n + 3*n, 2 = -n. What is the tens digit of h?
7
Let g = -5 - -3. Let z = g + 5. Suppose -4*d = -z*n + 15, n + 6*d = d + 5. What is the units digit of n?
5
Suppose -5*h - 3*q - 121 - 44 = 0, -2*h - q - 65 = 0. Let d be (12/(-5))/(9/h). Let b = 19 - d. What is the tens digit of b?
1
Let v = -348 + 632. What is the tens digit of v?
8
Let j be 61 + -2 + 6/(-2). Let f = -36 + j. What is the units digit of f?
0
Let x = -16 + 9. Let j = x + 11. What is the units digit of j?
4
Let g = 4 + 2. Suppose -g = -2*b + 48. What is the units digit of b?
7
What is the units digit of (0 - 2)/(2/5)*-25?
5
Let y(o) = -4*o - 15. Let f be y(-6). Let a = f + -6. What is the units digit of a?
3
What is the units digit of (-8)/(-16) - (-154)/4?
9
Let g be 48/21 - 6/21. Suppose -12 = -4*f - t, -g*f = 3*f + 2*t - 18. Suppose 6 = w + f*w. What is the units digit of w?
2
Let l(b) = b**3 + 6*b**2 - 3*b + 4. What is the tens digit of l(-6)?
2
Suppose 3*v - 3*a - 30 = 0, 4*v - 37 = -0*a + 5*a. What is the tens digit of v?
1
Let c be (-6 + 1)*(2 - 1). Let i(g) = -g - 2. What is the units digit of i(c)?
3
Suppose -16*v - 1 = -17*v. What is the units digit of v?
1
What is the tens digit of (-178)/(-5) - (-8)/20?
3
Suppose 2*x - 36 = -2*x. Let a(q) = -q + 12. Let k be a(x). Suppose 4*u - 36 = -4*r, -4*r + 5 = -3*u - k. What is the units digit of u?
4
Let j(v) = v**3 + 17*v**2 + 15*v + 4. What is the units digit of j(-16)?
0
Let t(z) = z + 1. Let c be t(-1). Let d be 6/10 + 456/15. Suppose 2*s + 33 = 5*p - c*s, -4*p + d = 3*s. What is the units digit of p?
7
Let c = 7 - -1. What is the units digit of c?
8
Suppose 5*i = f - 241, -79 = -4*f - 5*i + 760. What is the units digit of f?
6
Suppose 11*i = 16*i - 480. What is the units digit of i?
6
Suppose -4*t - 3*d = -702, -3*t + 2*d + 712 = t. What is the hundreds digit of t?
1
Let z be 27 + 0 + (-1 - 1). Suppose -5*b = -z, 0 = -2*i + 2*b + 2*b - 18. Let x(c) = 6*c + 1. What is the units digit of x(i)?
7
Let p be -3*2/(-12)*34. Let h = p - 9. What is the units digit of h?
8
Let u(y) = -y - 3. Let o be u(0). What is the units digit of ((-4)/o)/((-9)/(-243))?
6
What is the units digit of ((54/12)/(-3))/((-6)/272)?
8
Suppose -93 = -3*h + 5*z - z, -z = 0. Let j = -48 + 93. Let m = j - h. What is the tens digit of m?
1
Let i = -5 + 5. Suppose i = 2*t + 34 - 10. What is the tens digit of 1/4 + (-117)/t?
1
Let l = 118 - 59. What is the units digit of l?
9
Let l(g) = 5*g**3 - 5*g**2 - 2*g + 6. Let p(q) = -6*q**3 + 6*q**2 + 2*q - 7. Let u(m) = 5*l(m) + 4*p(m). What is the units digit of u(2)?
2
Let y = 8 + -6. Suppose 3*h - y*w = 6 - 1, -h + 4*w + 5 = 0. What is the units digit of h?
1
Suppose 0 = 5*c + l + 23, 2*c - 4*l + 9 = -9. Let n = c - -8. What is the units digit of n?
3
Let n(u) = u**2 - 6*u - 3. Suppose 0 = -2*h + 7*h - 35. Let s be n(h). Let